{"id":102,"name":"ogloszenie-o-naborze-na-stanowisko-referent-w-dziale-kadr-i-plac-w-wojewodzkim-pogotowiu-ratunkowym-w-katowicach","title":"Og\u0142oszenie o naborze na stanowisko \u0022Referent\u0022 w dziale kadr i p\u0142ac w Wojew\u00f3dzkim Pogotowiu Ratunkowym w Katowicach","desc":"","header":"Og\u0142oszenie o naborze na stanowisko \u0022Referent\u0022 w dziale kadr i p\u0142ac w Wojew\u00f3dzkim Pogotowiu Ratunkowym w Katowicach","lead":"","keywords":"","changes":"Publikacja wynik\u00f3w.","menu":"","path":"\/nabor_pracownikow\/ogloszenia\/ogloszenie-o-naborze-na-stanowisko-referent-w-dziale-kadr-i-plac-w-wojewodzkim-pogotowiu-ratunkowym-w-katowicach.html","url":"\/nabor_pracownikow\/ogloszenia\/ogloszenie-o-naborze-na-stanowisko-referent-w-dziale-kadr-i-plac-w-wojewodzkim-pogotowiu-ratunkowym-w-katowicach.html","infoOwner":"Wojew\u00f3dzkie Pogotowie Ratunkowe w Katowicach","dateFirstPublicate":"2022-09-01 12:58:28","dateLastVersionPublicate":"2022-10-28 10:52:08","dateAvailableFrom":"2022-09-01 12:45:55","dateAvailableTo":"","type":"wpr_Nab\u00f3r na stanowiska","pageParams":[{"id":"305","name":"jednostki_tytu\u0142 og\u0142oszenia","description":"Tytu\u0142 og\u0142oszenia","value":"Og\u0142oszenie o naborze na stanowisko \u0022Referent\u0022 w dziale kadr i p\u0142ac w Wojew\u00f3dzkim Pogotowiu Ratunkowym w Katowicach"},{"id":"306","name":"jednostki_data og\u0142oszenia","description":"Data og\u0142oszenia","value":"2022-09-01"},{"id":"311","name":"JEDNOSTKI_TYP_STANOWISKA","description":"Typ stanowiska","value":"58752"},{"id":"324","name":"wpr_status_og\u0142oszenia","description":"Status og\u0142oszenia","value":"59121"},{"id":"310","name":"jednostki_termin sk\u0142adania (data i godzina)","description":"Termin sk\u0142adania (data i godzina)","value":"2022-09-30 14:00"}],"components":[{"id":"93bb94fe-7312-11e9-90c1-000c290e6fc2","type":"SectionDescription","name":"","description":"Zajawka sekcji","content":[]},{"id":"93bbe8e3-7312-11e9-90c1-000c290e6fc2","type":"PageTitle","name":"Tytu\u0142 strony","description":"Tytu\u0142 strony","content":{"title":"Og\u0142oszenie o naborze na stanowisko \u0022Referent\u0022 w dziale kadr i p\u0142ac w Wojew\u00f3dzkim Pogotowiu Ratunkowym w Katowicach"}},{"id":"93bc435c-7312-11e9-90c1-000c290e6fc2","type":"PageDescription","name":"","description":"Zajawka strony","content":[]},{"id":"93bcef8e-7312-11e9-90c1-000c290e6fc2","type":"ContentWYSIWYG","name":"Tre\u015b\u0107","description":"Tre\u015b\u0107 strony","content":{"content":"\u003Cdiv class=\u0022component component-accepted\u0022 data-id=\u002293bcef8e-7312-11e9-90c1-000c290e6fc2\u0022 data-is-editable=\u00227\u0022 data-name=\u0022Cms_ContentWYSIWYG\u0022 style=\u0022position: relative; top: 0px; left: 0px;\u0022\u003E\n\u003Cdiv class=\u0022component-main-content component-content-wysiwyg item\u0022\u003E\n\u003Cdiv class=\u0022component-wrapper\u0022\u003E\n\u003Cdiv class=\u0022component-content\u0022\u003E\n\u003Cdiv class=\u0022component-item clearfix\u0022\u003E\n\u003Cdiv class=\u0022component component-accepted\u0022 data-id=\u002293bcef8e-7312-11e9-90c1-000c290e6fc2\u0022 data-is-editable=\u00227\u0022 data-name=\u0022Cms_ContentWYSIWYG\u0022 style=\u0022position: relative; top: 0px; left: 0px;\u0022\u003E\n\u003Cdiv class=\u0022component-main-content component-content-wysiwyg item\u0022\u003E\n\u003Cdiv class=\u0022component-wrapper\u0022\u003E\n\u003Cdiv class=\u0022component-content\u0022\u003E\n\u003Cdiv class=\u0022component-item clearfix\u0022\u003E\n\u003Cp style=\u0022text-align: left;\u0022\u003EDyrektor Wojew\u00f3dzkiego Pogotowia Ratunkowego w Katowicach og\u0142asza wyniki naboru na stanowisko \u0022Referent\u0022 w dziale kadr i p\u0142ac w Wojew\u00f3dzkim Pogotowiu Ratunkowym w Katowicach.\u003C\/p\u003E\n\u003C\/div\u003E\n\u003C\/div\u003E\n\u003C\/div\u003E\n\u003C\/div\u003E\n\u003C\/div\u003E\n\u003C\/div\u003E\n\u003C\/div\u003E\n\u003C\/div\u003E\n\u003C\/div\u003E\n\u003C\/div\u003E","promotion":false}},{"id":"93bd42ce-7312-11e9-90c1-000c290e6fc2","type":"Gallery","name":"Galeria","description":"Galeria"},{"id":"93bd956b-7312-11e9-90c1-000c290e6fc2","type":"Attachment","name":"Za\u0142\u0105czniki","description":"Za\u0142\u0105czniki do strony","content":[{"src":"\/resource\/163\/publikacja+wyniki.docx.pdf","extension":"PDF","name":"b8c4ce1a055f68c6efef9a2a043ea539.docx.pdf","size":"28.39 KB"},{"src":"\/resource\/163\/Og%25C5%2582oszenie+referent+do.+kadr+WPR01.09.2022.docx","extension":"DOCX","name":"91b1722773b528dc3d9621eb4bfaf10a.docx","size":"27.99 KB"},{"src":"\/resource\/163\/Inf.+dla+kandydatow+na+stanowisko.pdf","extension":"PDF","name":"1963f93d263d414b954e2e66787bdc92.pdf","size":"925.45 KB"}]},{"id":"d63e71ef-92cf-11f0-b976-00505697ccff","type":"PageThumbnail","name":"","description":"Miniaturka strony","content":[]}]}

Ogłoszenie o naborze na stanowisko "Referent" w dziale kadr i płac w Wojewódzkim Pogotowiu Ratunkowym w Katowicach

Publikacja wyników.

Wojewódzkie Pogotowie Ratunkowe w Katowicach

wpr_Nabór na stanowiska

jednostki_tytuł ogłoszenia

Tytuł ogłoszenia

jednostki_data ogłoszenia

Data ogłoszenia

wpr_status_ogłoszenia

Status ogłoszenia

jednostki_termin składania (data i godzina)

Termin składania (data i godzina)

Tytuł strony

Treść

Treść strony

<div class="component component-accepted" data-id="93bcef8e-7312-11e9-90c1-000c290e6fc2" data-is-editable="7" data-name="Cms_ContentWYSIWYG" style="position: relative; top: 0px; left: 0px;">
<div class="component-main-content component-content-wysiwyg item">
<div class="component-wrapper">
<div class="component-content">
<div class="component-item clearfix">
<div class="component component-accepted" data-id="93bcef8e-7312-11e9-90c1-000c290e6fc2" data-is-editable="7" data-name="Cms_ContentWYSIWYG" style="position: relative; top: 0px; left: 0px;">
<div class="component-main-content component-content-wysiwyg item">
<div class="component-wrapper">
<div class="component-content">
<div class="component-item clearfix">
<p style="text-align: left;">Dyrektor Wojewódzkiego Pogotowia Ratunkowego w Katowicach ogłasza wyniki naboru na stanowisko "Referent" w dziale kadr i płac w Wojewódzkim Pogotowiu Ratunkowym w Katowicach.</p>
</div>
</div>
</div>
</div>
</div>
</div>
</div>
</div>
</div>
</div>

Załączniki

Załączniki do strony
